er when 8590375 is divided by 1956.
1579
Calculate the remainder when 18116782 is divided by 144.
142
Calculate the remainder when 11041138 is divided by 14624.
18
Calculate the remainder when 112506 is divided by 11245.
56
What is the remainder when 1271453 is divided by 9?
5
Calculate the remainder when 128602 is divided by 64233.
136
Calculate the remainder when 109387 is divided by 707.
509
Calculate the remainder when 235847363 is divided by 59.
55
Calculate the remainder when 9054867 is divided by 253.
250
Calculate the remainder when 4059900 is divided by 213678.
18
What is the remainder when 21104434 is divided by 665?
659
What is the remainder when 24102847 is divided by 6025701?
43
What is the remainder when 85969 is divided by 818?
79
Calculate the remainder when 227078 is divided by 857.
830
Calculate the remainder when 6581611 is divided by 578.
503
Calculate the remainder when 451786 is divided by 317.
61
Calculate the remainder when 1339543778 is divided by 942.
938
Calculate the remainder when 5913789 is divided by 155626.
1
What is the remainder when 122882879 is divided by 37?
33
What is the remainder when 568687 is divided by 45?
22
What is the remainder when 5034100 is divided by 281?
266
What is the remainder when 152107404 is divided by 57?
54
Calculate the remainder when 31011357 is divided by 1962.
1947
What is the remainder when 120860 is divided by 1269?
305
What is the remainder when 49108219 is divided by 755?
754
Calculate the remainder when 888191 is divided by 60.
11
What is the remainder when 7146522 is divided by 14735?
47
What is the remainder when 25947302 is divided by 33?
29
What is the remainder when 796972 is divided by 113781?
505
Calculate the remainder when 738466 is divided by 369232.
2
Calculate the remainder when 497472501 is divided by 7697.
7694
Calculate the remainder when 3847371 is divided by 977.
922
Calculate the remainder when 2136079 is divided by 148.
143
What is the remainder when 118081718 is divided by 1353?
1349
Calculate the remainder when 83647313 is divided by 47446.
15
Calculate the remainder when 597834 is divided by 543.
534
Calculate the remainder when 1559607 is divided by 1598.
1557
What is the remainder when 56522909 is divided by 29?
24
What is the remainder when 4565256 is divided by 9734?
10
Calculate the remainder when 805506 is divided by 91.
65
Calculate the remainder when 177198681 is divided by 12.
9
What is the remainder when 2786897 is divided by 26797?
9
What is the remainder when 1139410 is divided by 1139395?
15
What is the remainder when 1336760 is divided by 34?
16
What is the remainder when 82909 is divided by 26200?
4309
Calculate the remainder when 3864573 is divided by 82216.
421
Calculate the remainder when 13819 is divided by 2277.
157
What is the remainder when 225226 is divided by 5792?
5130
Calculate the remainder when 179713 is divided by 59362.
1627
Calculate the remainder when 23644827 is divided by 2055.
2052
What is the remainder when 163317316 is divided by 2637?
2632
What is the remainder when 34520 is divided by 883?
83
Calculate the remainder when 911214 is divided by 34.
14
Calculate the remainder when 733752525 is divided by 12.
9
What is the remainder when 1999891 is divided by 2122?
967
Calculate the remainder when 7386324 is divided by 535.
114
What is the remainder when 1454651 is divided by 1319?
1113
What is the remainder when 2229785 is divided by 7584?
89
Calculate the remainder when 3684818 is divided by 935.
918
Calculate the remainder when 3999162 is divided by 65.
37
What is the remainder when 1179409 is divided by 5868?
5809
Calculate the remainder when 660583873 is divided by 9825.
9823
What is the remainder when 3106905 is divided by 26?
9
What is the remainder when 400230 is divided by 57173?
19
What is the remainder when 28888181 is divided by 1800?
1781
Calculate the remainder when 4844326 is divided by 531.
13
Calculate the remainder when 58273373 is divided by 19424453.
14
Calculate the remainder when 613616008 is divided by 29.
20
Calculate the remainder when 54823392 is divided by 966.
960
What is the remainder when 2054277 is divided by 410844?
57
What is the remainder when 5894488 is divided by 103412?
4
What is the remainder when 845255 is divided by 533?
450
What is the remainder when 24139284 is divided by 67?
55
What is the remainder when 17097018 is divided by 1037?
1036
What is the remainder when 13168609 is divided by 4389490?
139
Calculate the remainder when 5776729 is divided by 409.
13
Calculate the remainder when 226664 is divided by 6297.
6269
What is the remainder when 270802902 is divided by 6447688?
6
Calculate the remainder when 94319193 is divided by 13.
7
What is the remainder when 947880 is divided by 2881?
31
What is the remainder when 65474294 is divided by 5033?
5030
What is the remainder when 5522466 is divided by 333?
327
What is the remainder when 3649080 is divided by 114026?
248
Calculate the remainder when 514732 is divided by 127484.
4796
What is the remainder when 210531 is divided by 52610?
91
Calculate the remainder when 250812323 is divided by 62703078.
11
Calculate the remainder when 2594349 is divided by 530.
529
Calculate the remainder when 1958723 is divided by 669.
560
Calculate the remainder when 42729 is divided by 26.
11
What is the remainder when 842990495 is divided by 9139?
9135
Calculate the remainder when 13561 is divided by 929.
555
What is the remainder when 217958 is divided by 170?
18
What is the remainder when 41120087 is divided by 10?
7
What is the remainder when 45915 is divided by 2876?
2775
Calculate the remainder when 143545155 is divided by 68.
11
What is the remainder when 192739 is divided by 61?
40
What is the remainder when 154436 is divided by 846?
464
What is the remainder when 1448112 is divided by 36?
12
Calculate the remainder when 237518 is divided by 79158.
44
Calculate the remainder when 36709 is divided by 162.
97
Calculate the remainder when 8840 is divided by 1846.
1456
What is the remainder when 3236695838 is divided by 5905?
5903
Calculate the remainder when 131370 is divided by 10875.
870
Calculate the remainder when 11524941 is divided by 354.
117
What is the remainder when 52014 is divided by 3627?
1236
Calculate the remainder when 84603 is divided by 14050.
303
Calculate the remainder when 117445 is divided by 1276.
53
Calculate the remainder when 818066 is divided by 26339.
1557
What is the remainder when 342019 is divided by 9732?
1399
What is the remainder when 989093 is divided by 164688?
965
What is the remainder when 9244 is divided by 349?
170
Calculate the remainder when 2285105 is divided by 163194.
389
Calculate the remainder when 13183632 is divided by 6591774.
84
Calculate the remainder when 78545 is divided by 25903.
836
Calculate the remainder when 119868 is divided by 636.
300
Calculate the remainder when 1668208 is divided by 187.
168
Calculate the remainder when 6202122 is divided by 37.
34
Calculate the remainder when 23618 is divided by 5877.
110
What is the remainder when 146183 is divided by 36114?
1727
What is the remainder when 99498 is divided by 10880?
1578
Calculate the remainder when 297482 is divided by 16216.
5594
Calculate the remainder when 270620 is divided by 2166.
2036
Calculate the remainder when 5139338 is divided by 1713103.
29
What is the remainder when 575857 is divided by 387?
1
What is the remainder when 537295 is divided by 4440?
55
What is the remainder when 320372905 is divided by 46?
17
What is the remainder when 20839281 is divided by 10419630?
21
What is the remainder when 10289644 is divided by 9?
7
What is the remainder when 967898 is divided by 91?
22
Calculate the remainder when 2866068 is divided by 238832.
84
Calculate the remainder when 6604212 is divided by 213037.
65
Calculate the remainder when 244265 is divided by 2243.
2021
What is the remainder when 788404 is divided by 135?
4
Calculate the remainder when 811628 is divided by 7729.
83
What is the remainder when 22434 is divided by 806?
672
Calculate the remainder when 1366309 is divided by 425.
359
What is the remainder when 3299581 is divided by 83?
82
Calculate the remainder when 17241 is divided by 51.
3
Calculate the remai